{"id":1847,"date":"2017-06-30T15:12:11","date_gmt":"2017-06-30T13:12:11","guid":{"rendered":"http:\/\/www.trimmsalon-chalkidis.de\/?page_id=1847"},"modified":"2024-12-03T01:44:53","modified_gmt":"2024-12-02T23:44:53","slug":"seminar-fellstrukturen-erkennen-und-bearbeiten","status":"publish","type":"page","link":"https:\/\/www.trimmsalon-chalkidis.de\/?page_id=1847","title":{"rendered":"Seminar Fellstrukturen erkennen und bearbeiten"},"content":{"rendered":"\n<p class=\"has-text-align-left\"><strong>Groomerschule Chalkidis &nbsp;<\/strong>zertifizierte Aesculap Groomerschule &nbsp; &nbsp; &nbsp; &nbsp; &nbsp; &nbsp; &nbsp; &nbsp; &nbsp; &nbsp; &nbsp; &nbsp; &nbsp; &nbsp;Diplom Nash Academy of Animal Art, Lexington Kentucky, USA<\/p>\n\n\n\n<p class=\"has-text-align-center\"><strong>Einladung zum&nbsp;<\/strong><\/p>\n\n\n\n<p class=\"has-text-align-center\"><strong>&nbsp;Seminar Fellstrukturen erkennen und bearbeiten<\/strong><\/p>\n\n\n\n<p class=\"has-text-align-center\"><strong> in 14974 Ludwigsfelde, Werrastra\u00dfe 13<\/strong><\/p>\n\n\n\n<p class=\"has-text-align-center\"><strong>mit Teilnahmebest\u00e4tigung\/Urkunde<\/strong><\/p>\n\n\n\n<p class=\"has-text-align-center\">Unsere Seminare und Workshops<strong> <\/strong>f\u00fchren wir in der Regel Samstags ab 10 Uhr durch. Besonders kleine Teilnehmerzahlen (bereits ab 1 Person) haben zur Folge, das die Seminare\/Workshops individuell, intensiv und effektiv sind.<\/p>\n\n\n\n<p class=\"has-text-align-center\"><strong>Preis: &nbsp; &nbsp;499\u20ac \/Person&nbsp;<\/strong><\/p>\n\n\n\n<p class=\"has-text-align-center has-large-font-size\"><a href=\"https:\/\/www.trimmsalon-chalkidis.de\/?page_id=2559\u2197\"><strong>Anmeldung online<\/strong><\/a><\/p>\n\n\n\n<p><span style=\"color: #000000;\">Zu diesem Seminar k\u00f6nnen sie einen Hund ihrer Wahl mitbringen, ist f\u00fcr den Lernerfolg jedoch nicht zwingend n\u00f6tig. Im Preis inclusive sind alle Verbrauchsmaterialien, eine kleine Auswahl an Kaffee und Getr\u00e4nken. Sie erhalten 10 % Rabatt auf alle Produkte die sie an diesem Tag kaufen.<\/span><\/p>\n\n\n\n<p><strong>Empfohlen:<\/strong><\/p>\n\n\n\n<ul class=\"wp-block-list\">\n<li>Dieser Workshop wird empfohlen f\u00fcr Endverbraucher, also Hundebesitzer die mehr \u00fcber die Fellstruktur und professionelle Behandlung von Haut und Fell wissen m\u00f6chten<\/li>\n\n\n\n<li>F\u00fcr Groomer, die ihre Arbeit im eigenen Salon perfektionieren, ihr Wissen vervollst\u00e4ndigen oder auffrischen m\u00f6chten.<\/li>\n<\/ul>\n\n\n\n<p><strong>Inhalt:<\/strong><\/p>\n\n\n\n<ul class=\"wp-block-list\">\n<li>komplette Darstellung aller Fellstrukturen<\/li>\n\n\n\n<li>Erkennen der jeweiligen Fellstruktur<\/li>\n\n\n\n<li>Bearbeitung der jeweiligen Fellstruktur<\/li>\n\n\n\n<li>Faktoren, welche eine vorhandene\/bestehende Fellstruktur \u00e4ndern k\u00f6nnen<\/li>\n\n\n\n<li>Auf alle Produkte die sie an diesem Tag bei uns kaufen erhalten sie&nbsp;<strong>10% Rabatt<\/strong><\/li>\n<\/ul>\n\n\n\n<p><strong>Dauer des Workshops:<\/strong>&nbsp; ca. 3 -4 Stunden. Wir werden in dem Workshop alle ihre Fragen individuell beantworten. Kleine Auswahl an Kaffee und Getr\u00e4nken.<\/p>\n","protected":false},"excerpt":{"rendered":"<p>Groomerschule Chalkidis &nbsp;zertifizierte Aesculap Groomerschule &nbsp; &nbsp; &nbsp; &nbsp; &nbsp; &nbsp; &nbsp; &nbsp; &nbsp; &nbsp; &nbsp; &nbsp; &nbsp; &nbsp;Diplom Nash Academy of Animal Art, Lexington Kentucky, USA Einladung zum&nbsp; &nbsp;Seminar Fellstrukturen erkennen und bearbeiten in 14974 Ludwigsfelde, Werrastra\u00dfe 13 mit &hellip; <a href=\"https:\/\/www.trimmsalon-chalkidis.de\/?page_id=1847\">Weiterlesen <span class=\"meta-nav\">&rarr;<\/span><\/a><\/p>\n","protected":false},"author":2,"featured_media":0,"parent":1739,"menu_order":8,"comment_status":"closed","ping_status":"closed","template":"","meta":{"footnotes":""},"class_list":["post-1847","page","type-page","status-publish","hentry"],"_links":{"self":[{"href":"https:\/\/www.trimmsalon-chalkidis.de\/index.php?rest_route=\/wp\/v2\/pages\/1847","targetHints":{"allow":["GET"]}}],"collection":[{"href":"https:\/\/www.trimmsalon-chalkidis.de\/index.php?rest_route=\/wp\/v2\/pages"}],"about":[{"href":"https:\/\/www.trimmsalon-chalkidis.de\/index.php?rest_route=\/wp\/v2\/types\/page"}],"author":[{"embeddable":true,"href":"https:\/\/www.trimmsalon-chalkidis.de\/index.php?rest_route=\/wp\/v2\/users\/2"}],"replies":[{"embeddable":true,"href":"https:\/\/www.trimmsalon-chalkidis.de\/index.php?rest_route=%2Fwp%2Fv2%2Fcomments&post=1847"}],"version-history":[{"count":5,"href":"https:\/\/www.trimmsalon-chalkidis.de\/index.php?rest_route=\/wp\/v2\/pages\/1847\/revisions"}],"predecessor-version":[{"id":3689,"href":"https:\/\/www.trimmsalon-chalkidis.de\/index.php?rest_route=\/wp\/v2\/pages\/1847\/revisions\/3689"}],"up":[{"embeddable":true,"href":"https:\/\/www.trimmsalon-chalkidis.de\/index.php?rest_route=\/wp\/v2\/pages\/1739"}],"wp:attachment":[{"href":"https:\/\/www.trimmsalon-chalkidis.de\/index.php?rest_route=%2Fwp%2Fv2%2Fmedia&parent=1847"}],"curies":[{"name":"wp","href":"https:\/\/api.w.org\/{rel}","templated":true}]}}