{"id":1771,"date":"2017-06-01T19:37:52","date_gmt":"2017-06-01T17:37:52","guid":{"rendered":"http:\/\/www.trimmsalon-chalkidis.de\/?page_id=1771"},"modified":"2024-12-03T01:43:13","modified_gmt":"2024-12-02T23:43:13","slug":"workshop-rassetypische-profil-und-basislinien-setzen","status":"publish","type":"page","link":"https:\/\/www.trimmsalon-chalkidis.de\/?page_id=1771","title":{"rendered":"Workshop Rassetypische Profil- und Basislinien setzen"},"content":{"rendered":"\n<p class=\"has-text-align-left\"><strong>Groomerschule Chalkidis &nbsp;<\/strong>zertifizierte Aesculap Groomerschule &nbsp; &nbsp; &nbsp; &nbsp; &nbsp; &nbsp; &nbsp; &nbsp; &nbsp; &nbsp; &nbsp; &nbsp; &nbsp; &nbsp;Diplom Nash Academy of Animal Art, Lexington Kentucky, USA<\/p>\n\n\n\n<p class=\"has-text-align-center\"><strong>Einladung zum Seminar-Workshop<\/strong><\/p>\n\n\n\n<p class=\"has-text-align-center\"><strong>&nbsp;Rassetypische Profil- und Basislinien setzen<\/strong><\/p>\n\n\n\n<p class=\"has-text-align-center\"><strong>in 14974 Ludwigsfelde, Werrastra\u00dfe 13<\/strong><\/p>\n\n\n\n<p class=\"has-text-align-center\"><strong>mit Teilnahmebest\u00e4tigung\/Urkunde<\/strong><\/p>\n\n\n\n<p class=\"has-text-align-center\">Unsere Seminare und Workshops<strong> <\/strong>f\u00fchren wir in der Regel Samstags ab 10 Uhr durch. Besonders kleine Teilnehmerzahlen (bereits ab 1 Person) haben zur Folge, das die Seminare\/Workshops individuell, intensiv und effektiv sind.<\/p>\n\n\n\n<p class=\"has-text-align-center\"><strong>Preis: &nbsp; &nbsp;499\u20ac \/Person<\/strong><\/p>\n\n\n\n<p class=\"has-text-align-center has-large-font-size\"><a href=\"https:\/\/www.trimmsalon-chalkidis.de\/?page_id=2559\u2197\"><strong>Anmeldung online<\/strong><\/a><\/p>\n\n\n\n<p><span style=\"color: #000000;\">Zu diesem Workshop bringen sie einen Hund ihrer Wahl&nbsp;mit oder den Rassehund, an welchem sie die Profilarbeit gezeigt haben m\u00f6chten.<\/span><\/p>\n\n\n\n<p><span style=\"color: #000000;\">Haben sie keinen Hund der Rasse welche sie interessiert, wird ihnen der Inhalt anschaulich mittels Powerpoint Animation pr\u00e4sentiert.<\/span><\/p>\n\n\n\n<p><span style=\"color: #000000;\"> Im Preis inclusive sind eine kleine Auswahl an Kaffee und Getr\u00e4nken. Sie erhalten 10 % Rabatt auf alle Produkte die sie an diesem Tag kaufen.<\/span><\/p>\n\n\n\n<p><strong>Empfohlen:<\/strong><\/p>\n\n\n\n<ul class=\"wp-block-list\">\n<li>Dieser Workshop wird empfohlen f\u00fcr alle die professionelles Styling am Hund kennen lernen m\u00f6chten, bzw. ihre Kenntnisse, F\u00e4higkeiten und Fertigkeiten in der Profilarbeit und Symmetrie verbessern m\u00f6chten.<\/li>\n\n\n\n<li>F\u00fcr Groomer, die ihre Arbeit im eigenen Salon perfektionieren, ihr Wissen vervollst\u00e4ndigen oder auffrischen m\u00f6chten.<\/li>\n\n\n\n<li><\/li>\n<\/ul>\n\n\n\n<p><strong>Inhalt:<\/strong><\/p>\n\n\n\n<ul class=\"wp-block-list\">\n<li>Vorbereiten des Hundes, S\u00e4ubern-Baden-K\u00e4mmen-B\u00fcrsten<\/li>\n\n\n\n<li>Korrektur von Contouren<\/li>\n\n\n\n<li>Arbeit mit Felll\u00e4nge, Fellqualit\u00e4t und Fehlerkorrektur am Hund<\/li>\n\n\n\n<li>Aufzeigen von Profil- und Basislinien entsprechend der von ihnen gew\u00fcnschten Hunderasse<\/li>\n\n\n\n<li>Harmonische Conturen und richtige Symmetrie herstellen<\/li>\n<\/ul>\n\n\n\n<p><strong>Dauer des Workshops:<\/strong>&nbsp; ca. 3-4 Stunden. Wir werden in dem Workshop alle ihre Fragen individuell beantworten. Kleine Auswahl an Kaffee und Getr\u00e4nken.<\/p>\n","protected":false},"excerpt":{"rendered":"<p>Groomerschule Chalkidis &nbsp;zertifizierte Aesculap Groomerschule &nbsp; &nbsp; &nbsp; &nbsp; &nbsp; &nbsp; &nbsp; &nbsp; &nbsp; &nbsp; &nbsp; &nbsp; &nbsp; &nbsp;Diplom Nash Academy of Animal Art, Lexington Kentucky, USA Einladung zum Seminar-Workshop &nbsp;Rassetypische Profil- und Basislinien setzen in 14974 Ludwigsfelde, Werrastra\u00dfe 13 &hellip; <a href=\"https:\/\/www.trimmsalon-chalkidis.de\/?page_id=1771\">Weiterlesen <span class=\"meta-nav\">&rarr;<\/span><\/a><\/p>\n","protected":false},"author":2,"featured_media":0,"parent":1739,"menu_order":6,"comment_status":"closed","ping_status":"closed","template":"","meta":{"footnotes":""},"class_list":["post-1771","page","type-page","status-publish","hentry"],"_links":{"self":[{"href":"https:\/\/www.trimmsalon-chalkidis.de\/index.php?rest_route=\/wp\/v2\/pages\/1771","targetHints":{"allow":["GET"]}}],"collection":[{"href":"https:\/\/www.trimmsalon-chalkidis.de\/index.php?rest_route=\/wp\/v2\/pages"}],"about":[{"href":"https:\/\/www.trimmsalon-chalkidis.de\/index.php?rest_route=\/wp\/v2\/types\/page"}],"author":[{"embeddable":true,"href":"https:\/\/www.trimmsalon-chalkidis.de\/index.php?rest_route=\/wp\/v2\/users\/2"}],"replies":[{"embeddable":true,"href":"https:\/\/www.trimmsalon-chalkidis.de\/index.php?rest_route=%2Fwp%2Fv2%2Fcomments&post=1771"}],"version-history":[{"count":3,"href":"https:\/\/www.trimmsalon-chalkidis.de\/index.php?rest_route=\/wp\/v2\/pages\/1771\/revisions"}],"predecessor-version":[{"id":3686,"href":"https:\/\/www.trimmsalon-chalkidis.de\/index.php?rest_route=\/wp\/v2\/pages\/1771\/revisions\/3686"}],"up":[{"embeddable":true,"href":"https:\/\/www.trimmsalon-chalkidis.de\/index.php?rest_route=\/wp\/v2\/pages\/1739"}],"wp:attachment":[{"href":"https:\/\/www.trimmsalon-chalkidis.de\/index.php?rest_route=%2Fwp%2Fv2%2Fmedia&parent=1771"}],"curies":[{"name":"wp","href":"https:\/\/api.w.org\/{rel}","templated":true}]}}