{"id":1104,"date":"2015-07-01T11:38:20","date_gmt":"2015-07-01T09:38:20","guid":{"rendered":"http:\/\/www.trimmsalon-chalkidis.de\/?page_id=1104"},"modified":"2024-12-03T01:23:04","modified_gmt":"2024-12-02T23:23:04","slug":"workshop-basispflege","status":"publish","type":"page","link":"https:\/\/www.trimmsalon-chalkidis.de\/?page_id=1104","title":{"rendered":"Workshop Basispflege am Vierbeiner"},"content":{"rendered":"\n<p class=\"has-text-align-left\"><strong>Groomerschule Chalkidis &nbsp;<\/strong>zertifizierte Aesculap Groomerschule &nbsp; &nbsp; &nbsp; &nbsp; &nbsp; &nbsp; &nbsp; &nbsp; &nbsp; &nbsp; &nbsp; &nbsp; &nbsp; &nbsp;Diplom Nash Academy of Animal Art, Lexington Kentucky, USA<\/p>\n\n\n\n<p class=\"has-text-align-center\"><strong>Einladung zum Workshop<\/strong><\/p>\n\n\n\n<p class=\"has-text-align-center\"><strong>&nbsp;Basispflege am Vierbeiner in 14974 Ludwigsfelde, Werrastra\u00dfe 13<\/strong><\/p>\n\n\n\n<p class=\"has-text-align-center\"><strong>mit Teilnahmebest\u00e4tigung\/Urkunde<\/strong><\/p>\n\n\n\n<p class=\"has-text-align-center\">Unsere Seminare und Workshops<strong> <\/strong>f\u00fchren wir in der Regel Samstags ab 10 Uhr durch. Besonders kleine Teilnehmerzahlen (bereits ab 1 Person) haben zur Folge, das die Seminare\/Workshops individuell, intensiv und effektiv sind.<\/p>\n\n\n\n<p class=\"has-text-align-center\"><strong>Preis: &nbsp; &nbsp;299\u20ac \/Person<\/strong><\/p>\n\n\n\n<p class=\"has-text-align-center has-large-font-size\"><a href=\"https:\/\/www.trimmsalon-chalkidis.de\/?page_id=2559\u2197\"><strong>Anmeldung online<\/strong><\/a><\/p>\n\n\n\n<p><span style=\"color: #000000;\">Zu diesem Workshop bringen sie einen Hund ihrer Wahl&nbsp;mit. Im Preis inclusive sind alle Verbrauchsmaterialien, eine kleine Auswahl an Kaffee und Getr\u00e4nken. Sie erhalten 10 % Rabatt auf alle Produkte die sie an diesem Tag kaufen.<\/span><\/p>\n\n\n\n<p class=\"has-text-align-center\"><strong>Empfohlen:<\/strong><\/p>\n\n\n\n<ul class=\"wp-block-list\">\n<li>Dieser Workshop wird empfohlen f\u00fcr Besitzer mit Welpen, Junghunden, &nbsp;Senioren und Hunden im normales Alter, Mischlinge oder Rassehunde<\/li>\n\n\n\n<li>Egal ob sie den 1. Hund in ihre Gemeinschaft aufgenommen haben oder schon seit mehreren Jahren Hunde besitzen. Wir informieren \u00fcber Irrt\u00fcmer und vermitteln Basiswissen f\u00fcr jedermann<\/li>\n\n\n\n<li>geeignet f\u00fcr Petgrooming (Hausgebrauch) oder Showgrooming (Ausstellungslevel)<\/li>\n\n\n\n<li>F\u00fcr Groomer, die ihre Arbeit im eigenen Salon perfektionieren, ihr Wissen vervollst\u00e4ndigen oder auffrischen m\u00f6chten.<\/li>\n<\/ul>\n\n\n\n<p><strong>Inhalt:<\/strong><\/p>\n\n\n\n<ul class=\"wp-block-list\">\n<li>Baden des Vierbeiners,Tipps f\u00fcr angst- und stressfreien Umgang mit Wasser am Hund<\/li>\n\n\n\n<li>Shampoo-ABC, welches Shampoo f\u00fcr welche Haarstruktur und Entfettungsstufe, Kauf der Profi-Produkte m\u00f6glich, warum ist Shampoo f\u00fcr Menschen nicht f\u00fcr den Hund geeignet.<\/li>\n\n\n\n<li>Conditioner, welcher Conditioner nach welchem Shampoo, warum nicht 2 in 1, warum dieses Produkt so wichtig ist f\u00fcr gesunde Haut und Fell<\/li>\n\n\n\n<li>F\u00f6nen und Trocknen des Fells, wir zeigen welche F\u00f6nart f\u00fcr welche Haarstruktur der Profi anwendet, &nbsp;wie setze ich das zu Hause um, Tipps f\u00fcr Ausstellungshunde<\/li>\n\n\n\n<li>B\u00fcrstentechnik, effektiv, zeitsparend und reizarm f\u00fcr den Welpen, Junghund oder Senior, inclusive B\u00fcrstenseminar<\/li>\n\n\n\n<li>Augenpflege inclusive Krustenentfernung, Produktempfehlung<\/li>\n\n\n\n<li>Ohrenpflege<\/li>\n\n\n\n<li>Krallenpflege<\/li>\n\n\n\n<li>Werkzeugkunde, allgemein aber auch individuell, sie k\u00f6nnen das Werkzeug welches sie zur Fellpflege ihres Hundes benutzen mitbringen. Der Profi sagt ihnen ob sie das Richtige f\u00fcr die Fellstruktur ihres Hundes benutzen.<\/li>\n<\/ul>\n\n\n\n<p><strong>Dauer des Workshops:<\/strong>&nbsp; ca. 3 Stunden. Wir werden in dem Workshop alle ihre Fragen individuell beantworten. Kleine Auswahl an Kaffee und Getr\u00e4nken.<\/p>\n","protected":false},"excerpt":{"rendered":"<p>Groomerschule Chalkidis &nbsp;zertifizierte Aesculap Groomerschule &nbsp; &nbsp; &nbsp; &nbsp; &nbsp; &nbsp; &nbsp; &nbsp; &nbsp; &nbsp; &nbsp; &nbsp; &nbsp; &nbsp;Diplom Nash Academy of Animal Art, Lexington Kentucky, USA Einladung zum Workshop &nbsp;Basispflege am Vierbeiner in 14974 Ludwigsfelde, Werrastra\u00dfe 13 mit Teilnahmebest\u00e4tigung\/Urkunde &hellip; <a href=\"https:\/\/www.trimmsalon-chalkidis.de\/?page_id=1104\">Weiterlesen <span class=\"meta-nav\">&rarr;<\/span><\/a><\/p>\n","protected":false},"author":2,"featured_media":0,"parent":1739,"menu_order":1,"comment_status":"closed","ping_status":"closed","template":"","meta":{"footnotes":""},"class_list":["post-1104","page","type-page","status-publish","hentry"],"_links":{"self":[{"href":"https:\/\/www.trimmsalon-chalkidis.de\/index.php?rest_route=\/wp\/v2\/pages\/1104","targetHints":{"allow":["GET"]}}],"collection":[{"href":"https:\/\/www.trimmsalon-chalkidis.de\/index.php?rest_route=\/wp\/v2\/pages"}],"about":[{"href":"https:\/\/www.trimmsalon-chalkidis.de\/index.php?rest_route=\/wp\/v2\/types\/page"}],"author":[{"embeddable":true,"href":"https:\/\/www.trimmsalon-chalkidis.de\/index.php?rest_route=\/wp\/v2\/users\/2"}],"replies":[{"embeddable":true,"href":"https:\/\/www.trimmsalon-chalkidis.de\/index.php?rest_route=%2Fwp%2Fv2%2Fcomments&post=1104"}],"version-history":[{"count":12,"href":"https:\/\/www.trimmsalon-chalkidis.de\/index.php?rest_route=\/wp\/v2\/pages\/1104\/revisions"}],"predecessor-version":[{"id":3672,"href":"https:\/\/www.trimmsalon-chalkidis.de\/index.php?rest_route=\/wp\/v2\/pages\/1104\/revisions\/3672"}],"up":[{"embeddable":true,"href":"https:\/\/www.trimmsalon-chalkidis.de\/index.php?rest_route=\/wp\/v2\/pages\/1739"}],"wp:attachment":[{"href":"https:\/\/www.trimmsalon-chalkidis.de\/index.php?rest_route=%2Fwp%2Fv2%2Fmedia&parent=1104"}],"curies":[{"name":"wp","href":"https:\/\/api.w.org\/{rel}","templated":true}]}}